{"id":19308,"date":"2024-03-27T06:32:00","date_gmt":"2024-03-27T02:32:00","guid":{"rendered":"https:\/\/hebergement-au-coeur-des-salazes.re\/?page_id=19308"},"modified":"2024-03-27T06:34:45","modified_gmt":"2024-03-27T02:34:45","slug":"book2","status":"publish","type":"page","link":"https:\/\/hebergement-au-coeur-des-salazes.re\/?page_id=19308","title":{"rendered":"BOOK2"},"content":{"rendered":"\t\t<div data-elementor-type=\"wp-page\" data-elementor-id=\"19308\" class=\"elementor elementor-19308\">\n\t\t\t\t\t\t<div class=\"elementor-inner\">\n\t\t\t\t<div class=\"elementor-section-wrap\">\n\t\t\t\t\t\t\t\t\t<section class=\"elementor-section elementor-top-section elementor-element elementor-element-840da8b elementor-section-boxed elementor-section-height-default elementor-section-height-default\" data-id=\"840da8b\" data-element_type=\"section\">\n\t\t\t\t\t\t<div class=\"elementor-container elementor-column-gap-default\">\n\t\t\t\t\t\t\t<div class=\"elementor-row\">\n\t\t\t\t\t<div class=\"elementor-column elementor-col-100 elementor-top-column elementor-element elementor-element-c9517c0\" data-id=\"c9517c0\" data-element_type=\"column\">\n\t\t\t<div class=\"elementor-column-wrap\">\n\t\t\t\t\t\t\t<div class=\"elementor-widget-wrap\">\n\t\t\t\t\t\t\t\t<\/div>\n\t\t\t\t\t<\/div>\n\t\t<\/div>\n\t\t\t\t\t\t\t\t<\/div>\n\t\t\t\t\t<\/div>\n\t\t<\/section>\n\t\t\t\t\t\t\t\t\t<\/div>\n\t\t\t<\/div>\n\t\t\t\t\t<\/div>\n\t\t","protected":false},"excerpt":{"rendered":"<p>DisponibleR\u00e9serv\u00e9D\u00e9cembre 2023Janvier 2024F\u00e9vrier 2024Mars 2024Avril 2024Mai 2024Juin 2024Juillet 2024Ao\u00fbt 2024Septembre 2024Octobre 2024Novembre 2024D\u00e9cembre 2024Janvier 2025F\u00e9vrier 2025Mars 2025 L M M J V S D 1 2 3 4 5 6 7 8 9 10 11 12 13 14 15 16 17 18 19 20 21 22 23 24 25 26 27 28300\u20ac 29350\u20ac 30350\u20ac 31300\u20ac &hellip; <span class=\"more-link-wrap\"><a href=\"https:\/\/hebergement-au-coeur-des-salazes.re\/?page_id=19308\" class=\"more-link\">Read More <span class=\"screen-reader-text\"> \u00ab\u00a0BOOK2\u00a0\u00bb<\/span><\/a><\/span><\/p>\n","protected":false},"author":249,"featured_media":0,"parent":0,"menu_order":0,"comment_status":"closed","ping_status":"closed","template":"","meta":{"inline_featured_image":false,"footnotes":""},"class_list":["post-19308","page","type-page","status-publish","hentry"],"_links":{"self":[{"href":"https:\/\/hebergement-au-coeur-des-salazes.re\/index.php?rest_route=\/wp\/v2\/pages\/19308","targetHints":{"allow":["GET"]}}],"collection":[{"href":"https:\/\/hebergement-au-coeur-des-salazes.re\/index.php?rest_route=\/wp\/v2\/pages"}],"about":[{"href":"https:\/\/hebergement-au-coeur-des-salazes.re\/index.php?rest_route=\/wp\/v2\/types\/page"}],"author":[{"embeddable":true,"href":"https:\/\/hebergement-au-coeur-des-salazes.re\/index.php?rest_route=\/wp\/v2\/users\/249"}],"replies":[{"embeddable":true,"href":"https:\/\/hebergement-au-coeur-des-salazes.re\/index.php?rest_route=%2Fwp%2Fv2%2Fcomments&post=19308"}],"version-history":[{"count":4,"href":"https:\/\/hebergement-au-coeur-des-salazes.re\/index.php?rest_route=\/wp\/v2\/pages\/19308\/revisions"}],"predecessor-version":[{"id":19313,"href":"https:\/\/hebergement-au-coeur-des-salazes.re\/index.php?rest_route=\/wp\/v2\/pages\/19308\/revisions\/19313"}],"wp:attachment":[{"href":"https:\/\/hebergement-au-coeur-des-salazes.re\/index.php?rest_route=%2Fwp%2Fv2%2Fmedia&parent=19308"}],"curies":[{"name":"wp","href":"https:\/\/api.w.org\/{rel}","templated":true}]}}